{"id":22741,"date":"2025-11-19T10:15:00","date_gmt":"2025-11-19T10:15:00","guid":{"rendered":"https:\/\/expoquebecvert.com\/programmation\/un-potager-vivace-pourquoi-pas\/"},"modified":"2026-08-31T13:33:52","modified_gmt":"2026-08-31T17:33:52","slug":"un-potager-vivace-pourquoi-pas","status":"publish","type":"programmation","link":"https:\/\/expoquebecvert.com\/en\/program\/un-potager-vivace-pourquoi-pas\/","title":{"rendered":"Un potager vivace\u2026 pourquoi pas!"},"content":{"rendered":"<p><strong><em>&#8211; Conference presented in French &#8211;<\/em><\/strong><\/p>\n<p>Planter une fois et r\u00e9colter ann\u00e9e apr\u00e8s ann\u00e9e : voil\u00e0 une id\u00e9e qui a de quoi s\u00e9duire! L\u00e9gumes, fines herbes et autres plantes comestibles vivaces permettent de cr\u00e9er un potager aussi savoureux que durable. H\u00e9l\u00e8ne Baril vous pr\u00e9sente ses choix pour cultiver autrement et faire une place aux vivaces dans l\u2019assiette.<\/p>\n","protected":false},"featured_media":12785,"template":"","meta":{"site-sidebar-layout":"default","site-content-layout":"","ast-site-content-layout":"default","site-content-style":"default","site-sidebar-style":"default","ast-global-header-display":"","ast-banner-title-visibility":"","ast-main-header-display":"","ast-hfb-above-header-display":"","ast-hfb-below-header-display":"","ast-hfb-mobile-header-display":"","site-post-title":"","ast-breadcrumbs-content":"","ast-featured-img":"","footer-sml-layout":"","ast-disable-related-posts":"","theme-transparent-header-meta":"default","adv-header-id-meta":"","stick-header-meta":"","header-above-stick-meta":"","header-main-stick-meta":"","header-below-stick-meta":"","astra-migrate-meta-layouts":"set","ast-page-background-enabled":"default","ast-page-background-meta":{"desktop":{"background-color":"","background-image":"","background-repeat":"repeat","background-position":"center center","background-size":"auto","background-attachment":"scroll","background-type":"","background-media":"","overlay-type":"","overlay-color":"","overlay-opacity":"","overlay-gradient":""},"tablet":{"background-color":"","background-image":"","background-repeat":"repeat","background-position":"center center","background-size":"auto","background-attachment":"scroll","background-type":"","background-media":"","overlay-type":"","overlay-color":"","overlay-opacity":"","overlay-gradient":""},"mobile":{"background-color":"","background-image":"","background-repeat":"repeat","background-position":"center center","background-size":"auto","background-attachment":"scroll","background-type":"","background-media":"","overlay-type":"","overlay-color":"","overlay-opacity":"","overlay-gradient":""}},"ast-content-background-meta":{"desktop":{"background-color":"var(--ast-global-color-5)","background-image":"","background-repeat":"repeat","background-position":"center center","background-size":"auto","background-attachment":"scroll","background-type":"","background-media":"","overlay-type":"","overlay-color":"","overlay-opacity":"","overlay-gradient":""},"tablet":{"background-color":"var(--ast-global-color-5)","background-image":"","background-repeat":"repeat","background-position":"center center","background-size":"auto","background-attachment":"scroll","background-type":"","background-media":"","overlay-type":"","overlay-color":"","overlay-opacity":"","overlay-gradient":""},"mobile":{"background-color":"var(--ast-global-color-5)","background-image":"","background-repeat":"repeat","background-position":"center center","background-size":"auto","background-attachment":"scroll","background-type":"","background-media":"","overlay-type":"","overlay-color":"","overlay-opacity":"","overlay-gradient":""}},"footnotes":""},"class_list":["post-22741","programmation","type-programmation","status-publish","has-post-thumbnail","hentry","clientele-garden-center","type-presentiel-en","ouverture-open-to-everyone","date-thursday-november-19","salle-salle-paysage-bmo-en"],"yoast_head":"<!-- This site is optimized with the Yoast SEO plugin v27.8 - https:\/\/yoast.com\/product\/yoast-seo-wordpress\/ -->\n<title>Un potager vivace\u2026 pourquoi pas!<\/title>\n<meta name=\"description\" content=\"H\u00e9l\u00e8ne Baril vous pr\u00e9sente ses choix pour cultiver autrement et faire une place aux vivaces dans l\u2019assiette.\" \/>\n<meta name=\"robots\" content=\"index, follow, max-snippet:-1, max-image-preview:large, max-video-preview:-1\" \/>\n<link rel=\"canonical\" href=\"https:\/\/expoquebecvert.com\/en\/program\/un-potager-vivace-pourquoi-pas\/\" \/>\n<meta property=\"og:locale\" content=\"en_US\" \/>\n<meta property=\"og:type\" content=\"article\" \/>\n<meta property=\"og:title\" content=\"Un potager vivace\u2026 pourquoi pas!\" \/>\n<meta property=\"og:description\" content=\"H\u00e9l\u00e8ne Baril vous pr\u00e9sente ses choix pour cultiver autrement et faire une place aux vivaces dans l\u2019assiette.\" \/>\n<meta property=\"og:url\" content=\"https:\/\/expoquebecvert.com\/en\/program\/un-potager-vivace-pourquoi-pas\/\" \/>\n<meta property=\"og:site_name\" content=\"Expo Qu\u00e9bec Vert\" \/>\n<meta property=\"article:publisher\" content=\"https:\/\/www.facebook.com\/expoquebecvert\/\" \/>\n<meta property=\"article:modified_time\" content=\"2026-08-31T17:33:52+00:00\" \/>\n<meta property=\"og:image\" content=\"https:\/\/expoquebecvert.com\/wp-content\/uploads\/2021\/11\/helene-baril.jpg\" \/>\n\t<meta property=\"og:image:width\" content=\"400\" \/>\n\t<meta property=\"og:image:height\" content=\"500\" \/>\n\t<meta property=\"og:image:type\" content=\"image\/jpeg\" \/>\n<meta name=\"twitter:card\" content=\"summary_large_image\" \/>\n<meta name=\"twitter:label1\" content=\"Est. reading time\" \/>\n\t<meta name=\"twitter:data1\" content=\"1 minute\" \/>\n<script type=\"application\/ld+json\" class=\"yoast-schema-graph\">{\"@context\":\"https:\\\/\\\/schema.org\",\"@graph\":[{\"@type\":[\"WebPage\",\"ItemPage\"],\"@id\":\"https:\\\/\\\/expoquebecvert.com\\\/en\\\/program\\\/un-potager-vivace-pourquoi-pas\\\/\",\"url\":\"https:\\\/\\\/expoquebecvert.com\\\/en\\\/program\\\/un-potager-vivace-pourquoi-pas\\\/\",\"name\":\"Un potager vivace\u2026 pourquoi pas!\",\"isPartOf\":{\"@id\":\"https:\\\/\\\/expoquebecvert.com\\\/en\\\/#website\"},\"primaryImageOfPage\":{\"@id\":\"https:\\\/\\\/expoquebecvert.com\\\/en\\\/program\\\/un-potager-vivace-pourquoi-pas\\\/#primaryimage\"},\"image\":{\"@id\":\"https:\\\/\\\/expoquebecvert.com\\\/en\\\/program\\\/un-potager-vivace-pourquoi-pas\\\/#primaryimage\"},\"thumbnailUrl\":\"https:\\\/\\\/expoquebecvert.com\\\/wp-content\\\/uploads\\\/2021\\\/11\\\/helene-baril.jpg\",\"datePublished\":\"2025-11-19T10:15:00+00:00\",\"dateModified\":\"2026-08-31T17:33:52+00:00\",\"description\":\"H\u00e9l\u00e8ne Baril vous pr\u00e9sente ses choix pour cultiver autrement et faire une place aux vivaces dans l\u2019assiette.\",\"breadcrumb\":{\"@id\":\"https:\\\/\\\/expoquebecvert.com\\\/en\\\/program\\\/un-potager-vivace-pourquoi-pas\\\/#breadcrumb\"},\"inLanguage\":\"en-US\",\"potentialAction\":[{\"@type\":\"ReadAction\",\"target\":[\"https:\\\/\\\/expoquebecvert.com\\\/en\\\/program\\\/un-potager-vivace-pourquoi-pas\\\/\"]}]},{\"@type\":\"ImageObject\",\"inLanguage\":\"en-US\",\"@id\":\"https:\\\/\\\/expoquebecvert.com\\\/en\\\/program\\\/un-potager-vivace-pourquoi-pas\\\/#primaryimage\",\"url\":\"https:\\\/\\\/expoquebecvert.com\\\/wp-content\\\/uploads\\\/2021\\\/11\\\/helene-baril.jpg\",\"contentUrl\":\"https:\\\/\\\/expoquebecvert.com\\\/wp-content\\\/uploads\\\/2021\\\/11\\\/helene-baril.jpg\",\"width\":400,\"height\":500},{\"@type\":\"BreadcrumbList\",\"@id\":\"https:\\\/\\\/expoquebecvert.com\\\/en\\\/program\\\/un-potager-vivace-pourquoi-pas\\\/#breadcrumb\",\"itemListElement\":[{\"@type\":\"ListItem\",\"position\":1,\"name\":\"Home\",\"item\":\"https:\\\/\\\/expoquebecvert.com\\\/\"},{\"@type\":\"ListItem\",\"position\":2,\"name\":\"Programmation\",\"item\":\"https:\\\/\\\/expoquebecvert.com\\\/programmation\\\/\"},{\"@type\":\"ListItem\",\"position\":3,\"name\":\"Un potager vivace\u2026 pourquoi pas!\"}]},{\"@type\":\"WebSite\",\"@id\":\"https:\\\/\\\/expoquebecvert.com\\\/en\\\/#website\",\"url\":\"https:\\\/\\\/expoquebecvert.com\\\/en\\\/\",\"name\":\"Expo Qu\u00e9bec Vert\",\"description\":\"\",\"publisher\":{\"@id\":\"https:\\\/\\\/expoquebecvert.com\\\/en\\\/#organization\"},\"potentialAction\":[{\"@type\":\"SearchAction\",\"target\":{\"@type\":\"EntryPoint\",\"urlTemplate\":\"https:\\\/\\\/expoquebecvert.com\\\/en\\\/?s={search_term_string}\"},\"query-input\":{\"@type\":\"PropertyValueSpecification\",\"valueRequired\":true,\"valueName\":\"search_term_string\"}}],\"inLanguage\":\"en-US\"},{\"@type\":\"Organization\",\"@id\":\"https:\\\/\\\/expoquebecvert.com\\\/en\\\/#organization\",\"name\":\"Expo Qu\u00e9bec Vert\",\"url\":\"https:\\\/\\\/expoquebecvert.com\\\/en\\\/\",\"logo\":{\"@type\":\"ImageObject\",\"inLanguage\":\"en-US\",\"@id\":\"https:\\\/\\\/expoquebecvert.com\\\/en\\\/#\\\/schema\\\/logo\\\/image\\\/\",\"url\":\"https:\\\/\\\/expoquebecvert.com\\\/wp-content\\\/uploads\\\/2020\\\/10\\\/expo-quebec-vert-2.jpg\",\"contentUrl\":\"https:\\\/\\\/expoquebecvert.com\\\/wp-content\\\/uploads\\\/2020\\\/10\\\/expo-quebec-vert-2.jpg\",\"width\":1400,\"height\":1400,\"caption\":\"Expo Qu\u00e9bec Vert\"},\"image\":{\"@id\":\"https:\\\/\\\/expoquebecvert.com\\\/en\\\/#\\\/schema\\\/logo\\\/image\\\/\"},\"sameAs\":[\"https:\\\/\\\/www.facebook.com\\\/expoquebecvert\\\/\"]}]}<\/script>\n<!-- \/ Yoast SEO plugin. -->","yoast_head_json":{"title":"Un potager vivace\u2026 pourquoi pas!","description":"H\u00e9l\u00e8ne Baril vous pr\u00e9sente ses choix pour cultiver autrement et faire une place aux vivaces dans l\u2019assiette.","robots":{"index":"index","follow":"follow","max-snippet":"max-snippet:-1","max-image-preview":"max-image-preview:large","max-video-preview":"max-video-preview:-1"},"canonical":"https:\/\/expoquebecvert.com\/en\/program\/un-potager-vivace-pourquoi-pas\/","og_locale":"en_US","og_type":"article","og_title":"Un potager vivace\u2026 pourquoi pas!","og_description":"H\u00e9l\u00e8ne Baril vous pr\u00e9sente ses choix pour cultiver autrement et faire une place aux vivaces dans l\u2019assiette.","og_url":"https:\/\/expoquebecvert.com\/en\/program\/un-potager-vivace-pourquoi-pas\/","og_site_name":"Expo Qu\u00e9bec Vert","article_publisher":"https:\/\/www.facebook.com\/expoquebecvert\/","article_modified_time":"2026-08-31T17:33:52+00:00","og_image":[{"width":400,"height":500,"url":"https:\/\/expoquebecvert.com\/wp-content\/uploads\/2021\/11\/helene-baril.jpg","type":"image\/jpeg"}],"twitter_card":"summary_large_image","twitter_misc":{"Est. reading time":"1 minute"},"schema":{"@context":"https:\/\/schema.org","@graph":[{"@type":["WebPage","ItemPage"],"@id":"https:\/\/expoquebecvert.com\/en\/program\/un-potager-vivace-pourquoi-pas\/","url":"https:\/\/expoquebecvert.com\/en\/program\/un-potager-vivace-pourquoi-pas\/","name":"Un potager vivace\u2026 pourquoi pas!","isPartOf":{"@id":"https:\/\/expoquebecvert.com\/en\/#website"},"primaryImageOfPage":{"@id":"https:\/\/expoquebecvert.com\/en\/program\/un-potager-vivace-pourquoi-pas\/#primaryimage"},"image":{"@id":"https:\/\/expoquebecvert.com\/en\/program\/un-potager-vivace-pourquoi-pas\/#primaryimage"},"thumbnailUrl":"https:\/\/expoquebecvert.com\/wp-content\/uploads\/2021\/11\/helene-baril.jpg","datePublished":"2025-11-19T10:15:00+00:00","dateModified":"2026-08-31T17:33:52+00:00","description":"H\u00e9l\u00e8ne Baril vous pr\u00e9sente ses choix pour cultiver autrement et faire une place aux vivaces dans l\u2019assiette.","breadcrumb":{"@id":"https:\/\/expoquebecvert.com\/en\/program\/un-potager-vivace-pourquoi-pas\/#breadcrumb"},"inLanguage":"en-US","potentialAction":[{"@type":"ReadAction","target":["https:\/\/expoquebecvert.com\/en\/program\/un-potager-vivace-pourquoi-pas\/"]}]},{"@type":"ImageObject","inLanguage":"en-US","@id":"https:\/\/expoquebecvert.com\/en\/program\/un-potager-vivace-pourquoi-pas\/#primaryimage","url":"https:\/\/expoquebecvert.com\/wp-content\/uploads\/2021\/11\/helene-baril.jpg","contentUrl":"https:\/\/expoquebecvert.com\/wp-content\/uploads\/2021\/11\/helene-baril.jpg","width":400,"height":500},{"@type":"BreadcrumbList","@id":"https:\/\/expoquebecvert.com\/en\/program\/un-potager-vivace-pourquoi-pas\/#breadcrumb","itemListElement":[{"@type":"ListItem","position":1,"name":"Home","item":"https:\/\/expoquebecvert.com\/"},{"@type":"ListItem","position":2,"name":"Programmation","item":"https:\/\/expoquebecvert.com\/programmation\/"},{"@type":"ListItem","position":3,"name":"Un potager vivace\u2026 pourquoi pas!"}]},{"@type":"WebSite","@id":"https:\/\/expoquebecvert.com\/en\/#website","url":"https:\/\/expoquebecvert.com\/en\/","name":"Expo Qu\u00e9bec Vert","description":"","publisher":{"@id":"https:\/\/expoquebecvert.com\/en\/#organization"},"potentialAction":[{"@type":"SearchAction","target":{"@type":"EntryPoint","urlTemplate":"https:\/\/expoquebecvert.com\/en\/?s={search_term_string}"},"query-input":{"@type":"PropertyValueSpecification","valueRequired":true,"valueName":"search_term_string"}}],"inLanguage":"en-US"},{"@type":"Organization","@id":"https:\/\/expoquebecvert.com\/en\/#organization","name":"Expo Qu\u00e9bec Vert","url":"https:\/\/expoquebecvert.com\/en\/","logo":{"@type":"ImageObject","inLanguage":"en-US","@id":"https:\/\/expoquebecvert.com\/en\/#\/schema\/logo\/image\/","url":"https:\/\/expoquebecvert.com\/wp-content\/uploads\/2020\/10\/expo-quebec-vert-2.jpg","contentUrl":"https:\/\/expoquebecvert.com\/wp-content\/uploads\/2020\/10\/expo-quebec-vert-2.jpg","width":1400,"height":1400,"caption":"Expo Qu\u00e9bec Vert"},"image":{"@id":"https:\/\/expoquebecvert.com\/en\/#\/schema\/logo\/image\/"},"sameAs":["https:\/\/www.facebook.com\/expoquebecvert\/"]}]}},"_links":{"self":[{"href":"https:\/\/expoquebecvert.com\/en\/wp-json\/wp\/v2\/programmation\/22741","targetHints":{"allow":["GET"]}}],"collection":[{"href":"https:\/\/expoquebecvert.com\/en\/wp-json\/wp\/v2\/programmation"}],"about":[{"href":"https:\/\/expoquebecvert.com\/en\/wp-json\/wp\/v2\/types\/programmation"}],"version-history":[{"count":2,"href":"https:\/\/expoquebecvert.com\/en\/wp-json\/wp\/v2\/programmation\/22741\/revisions"}],"predecessor-version":[{"id":22743,"href":"https:\/\/expoquebecvert.com\/en\/wp-json\/wp\/v2\/programmation\/22741\/revisions\/22743"}],"wp:featuredmedia":[{"embeddable":true,"href":"https:\/\/expoquebecvert.com\/en\/wp-json\/wp\/v2\/media\/12785"}],"wp:attachment":[{"href":"https:\/\/expoquebecvert.com\/en\/wp-json\/wp\/v2\/media?parent=22741"}],"curies":[{"name":"wp","href":"https:\/\/api.w.org\/{rel}","templated":true}]}}

<p><strong><em>&#8211; Conference presented in French &#8211;</em></strong></p>
<p>Planter une fois et récolter année après année : voilà une idée qui a de quoi séduire! Légumes, fines herbes et autres plantes comestibles vivaces permettent de créer un potager aussi savoureux que durable. Hélène Baril vous présente ses choix pour cultiver autrement et faire une place aux vivaces dans l’assiette.</p>

<!-- This site is optimized with the Yoast SEO plugin v27.8 - https://yoast.com/product/yoast-seo-wordpress/ -->
<title>Un potager vivace… pourquoi pas!</title>
<meta name="description" content="Hélène Baril vous présente ses choix pour cultiver autrement et faire une place aux vivaces dans l’assiette." />
<meta name="robots" content="index, follow, max-snippet:-1, max-image-preview:large, max-video-preview:-1" />
<link rel="canonical" href="https://expoquebecvert.com/en/program/un-potager-vivace-pourquoi-pas/" />
<meta property="og:locale" content="en_US" />
<meta property="og:type" content="article" />
<meta property="og:title" content="Un potager vivace… pourquoi pas!" />
<meta property="og:description" content="Hélène Baril vous présente ses choix pour cultiver autrement et faire une place aux vivaces dans l’assiette." />
<meta property="og:url" content="https://expoquebecvert.com/en/program/un-potager-vivace-pourquoi-pas/" />
<meta property="og:site_name" content="Expo Québec Vert" />
<meta property="article:publisher" content="https://www.facebook.com/expoquebecvert/" />
<meta property="article:modified_time" content="2026-08-31T17:33:52+00:00" />
<meta property="og:image" content="https://expoquebecvert.com/wp-content/uploads/2021/11/helene-baril.jpg" />
	<meta property="og:image:width" content="400" />
	<meta property="og:image:height" content="500" />
	<meta property="og:image:type" content="image/jpeg" />
<meta name="twitter:card" content="summary_large_image" />
<meta name="twitter:label1" content="Est. reading time" />
	<meta name="twitter:data1" content="1 minute" />
<script type="application/ld+json" class="yoast-schema-graph">{"@context":"https:\/\/schema.org","@graph":[{"@type":["WebPage","ItemPage"],"@id":"https:\/\/expoquebecvert.com\/en\/program\/un-potager-vivace-pourquoi-pas\/","url":"https:\/\/expoquebecvert.com\/en\/program\/un-potager-vivace-pourquoi-pas\/","name":"Un potager vivace… pourquoi pas!","isPartOf":{"@id":"https:\/\/expoquebecvert.com\/en\/#website"},"primaryImageOfPage":{"@id":"https:\/\/expoquebecvert.com\/en\/program\/un-potager-vivace-pourquoi-pas\/#primaryimage"},"image":{"@id":"https:\/\/expoquebecvert.com\/en\/program\/un-potager-vivace-pourquoi-pas\/#primaryimage"},"thumbnailUrl":"https:\/\/expoquebecvert.com\/wp-content\/uploads\/2021\/11\/helene-baril.jpg","datePublished":"2025-11-19T10:15:00+00:00","dateModified":"2026-08-31T17:33:52+00:00","description":"Hélène Baril vous présente ses choix pour cultiver autrement et faire une place aux vivaces dans l’assiette.","breadcrumb":{"@id":"https:\/\/expoquebecvert.com\/en\/program\/un-potager-vivace-pourquoi-pas\/#breadcrumb"},"inLanguage":"en-US","potentialAction":[{"@type":"ReadAction","target":["https:\/\/expoquebecvert.com\/en\/program\/un-potager-vivace-pourquoi-pas\/"]}]},{"@type":"ImageObject","inLanguage":"en-US","@id":"https:\/\/expoquebecvert.com\/en\/program\/un-potager-vivace-pourquoi-pas\/#primaryimage","url":"https:\/\/expoquebecvert.com\/wp-content\/uploads\/2021\/11\/helene-baril.jpg","contentUrl":"https:\/\/expoquebecvert.com\/wp-content\/uploads\/2021\/11\/helene-baril.jpg","width":400,"height":500},{"@type":"BreadcrumbList","@id":"https:\/\/expoquebecvert.com\/en\/program\/un-potager-vivace-pourquoi-pas\/#breadcrumb","itemListElement":[{"@type":"ListItem","position":1,"name":"Home","item":"https:\/\/expoquebecvert.com\/"},{"@type":"ListItem","position":2,"name":"Programmation","item":"https:\/\/expoquebecvert.com\/programmation\/"},{"@type":"ListItem","position":3,"name":"Un potager vivace… pourquoi pas!"}]},{"@type":"WebSite","@id":"https:\/\/expoquebecvert.com\/en\/#website","url":"https:\/\/expoquebecvert.com\/en\/","name":"Expo Québec Vert","description":"","publisher":{"@id":"https:\/\/expoquebecvert.com\/en\/#organization"},"potentialAction":[{"@type":"SearchAction","target":{"@type":"EntryPoint","urlTemplate":"https:\/\/expoquebecvert.com\/en\/?s={search_term_string}"},"query-input":{"@type":"PropertyValueSpecification","valueRequired":true,"valueName":"search_term_string"}}],"inLanguage":"en-US"},{"@type":"Organization","@id":"https:\/\/expoquebecvert.com\/en\/#organization","name":"Expo Québec Vert","url":"https:\/\/expoquebecvert.com\/en\/","logo":{"@type":"ImageObject","inLanguage":"en-US","@id":"https:\/\/expoquebecvert.com\/en\/#\/schema\/logo\/image\/","url":"https:\/\/expoquebecvert.com\/wp-content\/uploads\/2020\/10\/expo-quebec-vert-2.jpg","contentUrl":"https:\/\/expoquebecvert.com\/wp-content\/uploads\/2020\/10\/expo-quebec-vert-2.jpg","width":1400,"height":1400,"caption":"Expo Québec Vert"},"image":{"@id":"https:\/\/expoquebecvert.com\/en\/#\/schema\/logo\/image\/"},"sameAs":["https:\/\/www.facebook.com\/expoquebecvert\/"]}]}</script>
<!-- / Yoast SEO plugin. -->

Hélène Baril vous présente ses choix pour cultiver autrement et faire une place aux vivaces dans l’assiette.

Expo Québec Vert
